. Let l be y(-8). Suppose 7*p - b*p + l = 0. What is the highest common factor of 55 and p?
11
Let h(o) = -o + 30. Suppose 0 = -2*p - 44 + 48. Suppose -3*g + 41 = p. Let d be h(g). What is the greatest common divisor of 170 and d?
17
Suppose -2*v - 441 = -9*v. Let x = -41 + v. Let d = x + -4. Calculate the highest common divisor of d and 126.
18
Let f = 34 + -12. Let b = -72148 + 72152. Calculate the highest common divisor of f and b.
2
Suppose 5*q + 14*f - 9*f = 1615, 0 = 4*f. Calculate the highest common divisor of q and 136.
17
Suppose 0 = 9*u + 2*u + 99. Let g = u + 10. Suppose -r + 3*r + 5*n + 1 = 0, 4*r - 13 = -5*n. Calculate the greatest common factor of r and g.
1
Suppose 55*f - 67*f + 528 = 0. Let g(i) = -42*i**3 + 1. Let j be g(1). Let x = f + j. What is the highest common factor of 1 and x?
1
Suppose -3*k = -b - 391, 0*k - 5*k = b - 665. Let u = 4014 + -4002. What is the highest common divisor of k and u?
12
Suppose -676 = 166*c - 677*c + 9033. Calculate the highest common factor of 17651 and c.
19
Suppose 4*m = 3*c - 287, 5*m + c - 68 = -441. Let r = m - -77. Suppose 0 = n + 3*d - 44, 176 = n + r*n - d. What is the highest common factor of 22 and n?
22
Suppose -5*p - 5 - 3 = -2*l, -5*p = -4*l + 16. Let n(j) = j**2 + 14*j - 41. Let d be n(l). Calculate the greatest common factor of 279 and d.
31
Suppose -4032 = 2*b + 28*b - 20082. Calculate the greatest common factor of b and 428.
107
Let q = 496 - 197. Let f = -180 - -226. Calculate the highest common divisor of f and q.
23
Let p be (12/7)/(27 + 689269/(-25529)). What is the highest common factor of 6 and p?
6
Let s = 279 + -289. Let f be 3115/s*(-10)/35. Calculate the greatest common factor of f and 267.
89
Let h = -8056 + 8119. What is the greatest common factor of 243 and h?
9
Let y be -92 + 113 + 0*(0 + 2/(-4)). What is the greatest common divisor of 3402 and y?
21
Let f = -5763 - -5789. Calculate the greatest common divisor of f and 218.
2
Let b = -420 + 600. Suppose b = 9*j - 5*j. Let z = 54 + -36. Calculate the greatest common factor of j and z.
9
Let h be (-2)/(-6) + 502/6. Suppose -190*o + 1851 - 141 = 0. Suppose o*y - 5*y - h = 0. Calculate the greatest common divisor of 84 and y.
21
Suppose -4 = -4*r, -19*m + 22*m = 4*r + 4532. Calculate the highest common divisor of 48 and m.
24
Let z be ((-1176)/(-10))/(8/(-18)*33/(-110)). Calculate the highest common factor of z and 18.
18
Let d be (-66 + 3)/(42/(-2268)). What is the highest common divisor of d and 14?
14
Suppose -2*c - f + 6 = c, 5*f + 38 = 2*c. Calculate the highest common factor of c and 37.
1
Let x(s) = -s**3 - s + 10. Let b be x(0). Suppose 0 = -4*m + 7*m - 9. Suppose -m*z = 0, -2*g + 4*z - 31 = -81. What is the greatest common factor of g and b?
5
Let j be (24/9)/((-6)/(-9)). Let d = -8 + 22. Suppose 18*v + d = 122. What is the highest common divisor of j and v?
2
Let u be (-3)/(-2) - 84/56. Suppose 3*d - 732 = -4*s, d + 3*s + u*s - 249 = 0. Calculate the highest common factor of 24 and d.
24
Suppose 4*a = -3*o - 61, 19 - 55 = 3*a - o. Suppose 5*d - 23*r + 28*r = -135, 3*d = 5*r - 57. Let q = a - d. Calculate the highest common factor of q and 22.
11
Let j be ((-1850)/75*-1)/((-2)/(-54)). Let x(t) = -t**3 - 5*t**2 + 20*t + 4. Let v be x(-9). Calculate the highest common divisor of j and v.
74
Suppose 0 = -m - 2*q - 3, -2*q = -3*m + 28 - 13. Suppose 2*t - 11*p = -6*p + 164, m*t + p = 229. Calculate the greatest common divisor of 143 and t.
11
Let z = 3148 + -2576. What is the highest common divisor of 416 and z?
52
Let a = -7227 - -11519. What is the highest common factor of 348 and a?
116
Suppose 138*s - 137*s - 19 = 4*x, -s - 13 = 4*x. Calculate the highest common factor of 2349 and s.
3
Suppose 0 = 3*b + 5*t - 44, -t = 2*b - 29 + 2. Let l be -15*((-309)/9 + 4). Suppose -7*d - 91 = -l. What is the highest common divisor of b and d?
13
Suppose -73*g + 64*g = -171. Let c = 184 - g. What is the highest common factor of 30 and c?
15
Let k(a) = 9 + 10 + a + 0 - 3. Let w be k(-13). Suppose w*d - 166 = -2*d - 2*u, 0 = -d - 2*u + 38. Calculate the greatest common divisor of d and 64.
32
Let p = -9591 - -10336. What is the highest common divisor of 15 and p?
5
Let q(j) = 9*j - 19. Let f be q(6). Let b be 14/f + 352/20. Calculate the greatest common divisor of b and 36.
18
Let j be ((-4)/6)/(30/45). Let n(g) = -110*g - 3. Let r be n(j). Let c = -62 + r. Calculate the greatest common factor of c and 9.
9
Suppose -5*m = 5*w - 2940, 71*m = -4*w + 74*m + 2394. Calculate the greatest common factor of 55 and w.
11
Let z = -1514 + 1683. Calculate the greatest common factor of 832 and z.
13
Suppose 326 = -7*o + 676. Let z(y) = -2*y**3 - 10*y**2 - y - 7. Let m be z(-9). What is the greatest common factor of o and m?
50
Suppose 0*u + 26*u - 16406 = 0. Let v = u - 605. Suppose -318 = -5*s + 332. Calculate the greatest common divisor of v and s.
26
Suppose 5*f - 12 = f + 4*b, -4*f - b = 13. Let m be (f/4)/(18/(-180)). Let q = m - -147. Calculate the highest common factor of q and 8.
8
Suppose 6*p = -p + 7. Suppose 2*j = -p + 5. Suppose -2*x = -2*i + 34, j*i + 3*x - 20 = -2*x. What is the greatest common factor of 45 and i?
15
Suppose -6*j - 275 = -308 - 1245. Calculate the highest common factor of j and 6.
3
Suppose 4*g + 3*s = 5688, -2*s = 3*s - 20. Suppose -2*v - g = -4*q + 3*v, 3*v + 1413 = 4*q. Calculate the greatest common divisor of 13 and q.
13
Let f(z) = 5*z - 73. Let g be f(7). Let d(s) = s**2 - s - 2. Let y be d(-6). Let p = y - g. What is the greatest common divisor of p and 52?
26
Suppose -3*k = 85 - 247. What is the greatest common factor of k and 117?
9
Let d(s) = 436*s - 8096. Let x be d(23). What is the highest common factor of x and 36?
12
Suppose -5*f = -2*s + 480, -440 = -4*s - 5*f + 400. What is the highest common divisor of s and 407?
11
Let l be (-70)/(-21) + 2/3. Suppose -24*w + 840 = -l*w. Calculate the highest common divisor of 322 and w.
14
Let r be 10/(-95) - 3460/(-19). Let f = r + -158. What is the highest common factor of 44 and f?
4
Let u(c) be the second derivative of c**5/20 + c**4/12 - 5*c**3/3 - 4*c**2 + 22*c. Let d be u(-3). Calculate the highest common divisor of 36 and d.
4
Let x = 23 - 12. Suppose 5*a - 2*v - 3*v = 85, 2*v + 70 = 5*a. Suppose -a*t = -x*t - 4. Calculate the highest common factor of t and 6.
2
Let d be (-18)/(-7 + 8 + -1 + -1). Calculate the highest common divisor of d and 29.
1
Let v be (2/(-6))/(-8 + (-1870)/(-234)). Let q be 8476/v - (-3)/(-11 - -2). Calculate the highest common factor of q and 62.
31
Suppose 0 = -2*v + 3*h + 19, 18*v + 13*h + 34 = 17*v. Let z = 15 - 10. Let x(m) = 10*m + 5. Let q be x(z). What is the highest common factor of q and v?
5
Let i(z) = z**2 + z + 339. Let n be i(0). Let s = n + 106. Suppose 67 = 8*j - s. What is the highest common divisor of 16 and j?
16
Let y be (0 + (-1)/(-2))*10. Suppose -y*k + 2*k + 675 = 0. Let m = -483 + 573. What is the highest common divisor of k and m?
45
Let l = -2053 + 2089. What is the greatest common divisor of 333 and l?
9
Let v = -45 + 99. Let l be -15*(-30)/v - (-4)/6. Suppose -4*q - 19 + 91 = 0. Calculate the highest common factor of l and q.
9
Let r(m) = m**2 - 9*m - 62. Let f be r(-7). Let q be (3/15)/(20/f)*2. Suppose -5*t = n - 21, n - 4*t = -2*t + 7. What is the greatest common divisor of q and n?
1
Let u be (1 + -8)*1638660/(-6167). Calculate the highest common factor of u and 228.
12
Let k = -110 + 112. Suppose q + k*q - i - 5 = 0, -5*q = -4*i + 1. Let w(t) = -4*t + 7. Let l be w(-5). What is the greatest common divisor of q and l?
3
Let h = -599 + 600. Calculate the highest common divisor of h and 25.
1
Suppose -a - 45 = -4*a. Let c(f) = -f**2 + 19*f - 7. Let d be c(a). Let o = d - -7. What is the highest common factor of 150 and o?
30
Let l = 4142 + -2678. What is the greatest common divisor of 120 and l?
24
Let v be 5 + (-20)/4 + 2. Let o be (1 - 2) + v*2/2. Let w(b) = 10*b + 1. Let q be w(1). What is the greatest common factor of o and q?
1
Let o be (2070/225)/((-1)/(-5)). What is the greatest common divisor of 42734 and o?
46
Let n = 1275 - 1231. What is the greatest common divisor of 638 and n?
22
Suppose -2*f + 5*k = -29, k - 10 + 7 = 0. Calculate the greatest common factor of 946 and f.
22
Let p